{"id":1273,"date":"2026-04-08T11:07:02","date_gmt":"2026-04-08T09:07:02","guid":{"rendered":"https:\/\/le-port-marly.net\/main\/?page_id=1273"},"modified":"2026-04-20T10:37:05","modified_gmt":"2026-04-20T08:37:05","slug":"horaires","status":"publish","type":"page","link":"https:\/\/le-port-marly.net\/main\/horaires\/","title":{"rendered":"Horaires"},"content":{"rendered":"<p><div class=\"fusion-fullwidth fullwidth-box fusion-builder-row-1 fusion-flex-container has-pattern-background has-mask-background fusion-parallax-none nonhundred-percent-fullwidth non-hundred-percent-height-scrolling\" style=\"--awb-border-radius-top-left:0px;--awb-border-radius-top-right:0px;--awb-border-radius-bottom-right:0px;--awb-border-radius-bottom-left:0px;--awb-padding-top:150px;--awb-padding-bottom:150px;--awb-background-image:linear-gradient(180deg, hsla(var(--awb-color5-h),var(--awb-color5-s),var(--awb-color5-l),calc(var(--awb-color5-a) - 60%)) 0%,hsla(var(--awb-color5-h),var(--awb-color5-s),var(--awb-color5-l),calc(var(--awb-color5-a) - 60%)) 100%),url(https:\/\/le-port-marly.net\/main\/wp-content\/uploads\/2026\/03\/chateau_if_1300-1.jpg);;--awb-background-size:cover;--awb-flex-wrap:wrap;\" ><div class=\"fusion-builder-row fusion-row fusion-flex-align-items-flex-start fusion-flex-content-wrap\" style=\"max-width:1248px;margin-left: calc(-4% \/ 2 );margin-right: calc(-4% \/ 2 );\"><div class=\"fusion-layout-column fusion_builder_column fusion-builder-column-0 fusion_builder_column_1_1 1_1 fusion-flex-column\" style=\"--awb-bg-size:cover;--awb-width-large:100%;--awb-margin-top-large:0px;--awb-spacing-right-large:1.92%;--awb-margin-bottom-large:20px;--awb-spacing-left-large:1.92%;--awb-width-medium:100%;--awb-order-medium:0;--awb-spacing-right-medium:1.92%;--awb-spacing-left-medium:1.92%;--awb-width-small:100%;--awb-order-small:0;--awb-spacing-right-small:1.92%;--awb-spacing-left-small:1.92%;\"><div class=\"fusion-column-wrapper fusion-column-has-shadow fusion-flex-justify-content-flex-start fusion-content-layout-column\"><div class=\"fusion-title title fusion-title-1 fusion-sep-none fusion-title-center fusion-title-text fusion-title-size-one\" style=\"--awb-margin-top-small:10px;--awb-margin-right-small:0px;--awb-margin-bottom-small:10px;--awb-margin-left-small:0px;\"><h1 class=\"fusion-title-heading title-heading-center\" style=\"margin:0;text-shadow:0px 0px 10px var(--awb-custom_color_1);\">Horaires<\/h1><\/div><\/div><\/div><\/div><\/div><div class=\"fusion-fullwidth fullwidth-box fusion-builder-row-2 fusion-flex-container has-pattern-background has-mask-background nonhundred-percent-fullwidth non-hundred-percent-height-scrolling\" style=\"--awb-border-radius-top-left:0px;--awb-border-radius-top-right:0px;--awb-border-radius-bottom-right:0px;--awb-border-radius-bottom-left:0px;--awb-margin-top:1em;--awb-margin-bottom:0px;--awb-flex-wrap:wrap;\" ><div class=\"fusion-builder-row fusion-row fusion-flex-align-items-flex-start fusion-flex-content-wrap\" style=\"max-width:1248px;margin-left: calc(-4% \/ 2 );margin-right: calc(-4% \/ 2 );\"><div class=\"fusion-layout-column fusion_builder_column fusion-builder-column-1 fusion_builder_column_1_1 1_1 fusion-flex-column\" style=\"--awb-bg-size:cover;--awb-width-large:100%;--awb-margin-top-large:0px;--awb-spacing-right-large:1.92%;--awb-margin-bottom-large:20px;--awb-spacing-left-large:1.92%;--awb-width-medium:100%;--awb-order-medium:0;--awb-spacing-right-medium:1.92%;--awb-spacing-left-medium:1.92%;--awb-width-small:100%;--awb-order-small:0;--awb-spacing-right-small:1.92%;--awb-spacing-left-small:1.92%;\"><div class=\"fusion-column-wrapper fusion-column-has-shadow fusion-flex-justify-content-flex-start fusion-content-layout-column\"><div class=\"fusion-title title fusion-title-2 fusion-sep-none fusion-title-text fusion-title-size-two\" style=\"--awb-margin-top:1em;--awb-margin-bottom:1em;--awb-margin-top-small:10px;--awb-margin-right-small:0px;--awb-margin-bottom-small:10px;--awb-margin-left-small:0px;\"><h2 class=\"fusion-title-heading title-heading-left\" style=\"margin:0;\">Horaires pour les INDIVIDUELS<\/h2><\/div><div class=\"fusion-content-boxes content-boxes columns row fusion-columns-1 fusion-columns-total-4 fusion-content-boxes-1 content-boxes-icon-with-title content-left\" style=\"--awb-backgroundcolor:var(--awb-color2);--awb-title-color:var(--awb-custom_color_1);--awb-hover-accent-color:var(--awb-color4);--awb-circle-hover-accent-color:var(--awb-color4);--awb-item-margin-bottom:40px;\" data-animationOffset=\"top-into-view\"><div style=\"--awb-backgroundcolor:var(--awb-color2);\" class=\"fusion-column content-box-column content-box-column content-box-column-1 col-lg-12 col-md-12 col-sm-12 fusion-content-box-hover content-box-column-last-in-row\"><div class=\"col content-box-wrapper content-wrapper-background link-area-link-icon content-icon-wrapper-yes icon-hover-animation-fade\" data-animationOffset=\"top-into-view\"><div class=\"heading heading-with-icon icon-left\"><div class=\"icon\"><span style=\"height:50px;width:50px;line-height:26px;border-color:rgba(255,255,255,0);border-width:1px;border-style:solid;background-color:var(--awb-custom_color_1);box-sizing:content-box;border-radius:50%;\"><i style=\"border-color:var(--awb-custom_color_1);border-width:1px;background-color:var(--awb-custom_color_1);box-sizing:content-box;height:48px;width:48px;line-height:48px;border-radius:50%;position:relative;top:auto;left:auto;margin:0;border-radius:50%;font-size:24px;\" aria-hidden=\"true\" class=\"fontawesome-icon fa-arrow-right fas circle-yes\"><\/i><\/span><\/div><h3 class=\"content-box-heading\" style=\"--h3_typography-font-size:24px;line-height:29px;\">Du 1er MARS AU 30 JUIN<\/h3><\/div><div class=\"fusion-clearfix\"><\/div><div class=\"content-container\">\n<p><strong>Mardi et Jeudi<\/strong> : de 10h00 \u00e0 12h30 et de 14h00 \u00e0 18h00.<br \/>Derni\u00e8res admissions \u00e0 11h30 et 17h00.<br \/>\nLe parc et le ch\u00e2teau ferment totalement durant le temps de d\u00e9jeuner<\/p>\n<p><strong>Mercredi et Vendredi<\/strong> : de 14h00 \u00e0 18h00.<br \/>\nVisites libres (sans guide). Derni\u00e8re admission \u00e0 17h00.<\/p>\n<p><strong>Samedi, Dimanche et Jours f\u00e9ri\u00e9s<\/strong> (sauf lundis f\u00e9ri\u00e9s) de 10h00 \u00e0 18h00.<br \/>\nVisites libres (sans guide). Derni\u00e8re admission \u00e0 17h00.<\/p>\n<p><b style=\"\">Le Domaine est ferm\u00e9 le lundi, Y COMPRIS les LUNDIS F\u00c9RI\u00c9S<\/b><\/p>\n<p>Temps moyen de visite libre : 1 heure.<\/p>\n<\/div><\/div><\/div><div style=\"--awb-backgroundcolor:var(--awb-color2);\" class=\"fusion-column content-box-column content-box-column content-box-column-2 col-lg-12 col-md-12 col-sm-12 fusion-content-box-hover content-box-column-last-in-row\"><div class=\"col content-box-wrapper content-wrapper-background link-area-link-icon content-icon-wrapper-yes icon-hover-animation-fade\" data-animationOffset=\"top-into-view\"><div class=\"heading heading-with-icon icon-left\"><div class=\"icon\"><span style=\"height:50px;width:50px;line-height:26px;border-color:rgba(255,255,255,0);border-width:1px;border-style:solid;background-color:var(--awb-custom_color_1);box-sizing:content-box;border-radius:50%;\"><i style=\"border-color:var(--awb-custom_color_1);border-width:1px;background-color:var(--awb-custom_color_1);box-sizing:content-box;height:48px;width:48px;line-height:48px;border-radius:50%;position:relative;top:auto;left:auto;margin:0;border-radius:50%;font-size:24px;\" aria-hidden=\"true\" class=\"fontawesome-icon fa-arrow-right fas circle-yes\"><\/i><\/span><\/div><h3 class=\"content-box-heading\" style=\"--h3_typography-font-size:24px;line-height:29px;\">Du 1er JUILLET au 31 AO\u00dbT<\/h3><\/div><div class=\"fusion-clearfix\"><\/div><div class=\"content-container\">\n<p><strong>Du Mardi au Vendredi<\/strong> : de 10h00 \u00e0 12h30 et de 14h00 \u00e0 18h00.<br \/>Derni\u00e8res admissions \u00e0 11h30 et 17h00.<br \/>\nLe parc et le ch\u00e2teau ferment totalement durant le temps de d\u00e9jeuner.<\/p>\n<p><strong>Samedi, Dimanche et jours f\u00e9ri\u00e9s<\/strong> (sauf lundis f\u00e9ri\u00e9s) de 10h00 \u00e0 18h00.<br \/>\nVisites libres (sans guide). Derni\u00e8re admission \u00e0 17h00.<\/p>\n<p><b>Le Domaine est ferm\u00e9 le lundi, Y COMPRIS les LUNDIS F\u00c9RI\u00c9S<\/b><\/p>\n<\/div><\/div><\/div><div style=\"--awb-backgroundcolor:var(--awb-color2);\" class=\"fusion-column content-box-column content-box-column content-box-column-3 col-lg-12 col-md-12 col-sm-12 fusion-content-box-hover content-box-column-last-in-row\"><div class=\"col content-box-wrapper content-wrapper-background link-area-link-icon content-icon-wrapper-yes icon-hover-animation-fade\" data-animationOffset=\"top-into-view\"><div class=\"heading heading-with-icon icon-left\"><div class=\"icon\"><span style=\"height:50px;width:50px;line-height:26px;border-color:rgba(255,255,255,0);border-width:1px;border-style:solid;background-color:var(--awb-custom_color_1);box-sizing:content-box;border-radius:50%;\"><i style=\"border-color:var(--awb-custom_color_1);border-width:1px;background-color:var(--awb-custom_color_1);box-sizing:content-box;height:48px;width:48px;line-height:48px;border-radius:50%;position:relative;top:auto;left:auto;margin:0;border-radius:50%;font-size:24px;\" aria-hidden=\"true\" class=\"fontawesome-icon fa-arrow-right fas circle-yes\"><\/i><\/span><\/div><h3 class=\"content-box-heading\" style=\"--h3_typography-font-size:24px;line-height:29px;\">Du 1er SEPTEMBRE au 1er NOVEMBRE<\/h3><\/div><div class=\"fusion-clearfix\"><\/div><div class=\"content-container\">\n<p><strong>Mardi et Jeudi<\/strong> : de 10h00 \u00e0 12h30 et de 14h00 \u00e0 18h00.<br \/>Derni\u00e8res admissions \u00e0 11h30 et 17h00.<br \/>\nLe parc et le ch\u00e2teau ferment totalement durant le temps de d\u00e9jeuner<\/p>\n<p><strong>Mercredi et Vendredi<\/strong> : de 14h00 \u00e0 18h00.<br \/>\nVisites libres (sans guide). Derni\u00e8re admission \u00e0 17h00.<\/p>\n<p><strong>Samedi, Dimanche et Jours f\u00e9ri\u00e9s<\/strong> (sauf lundis f\u00e9ri\u00e9s) de 10h00 \u00e0 18h00.<br \/>\nVisites libres (sans guide). Derni\u00e8re admission \u00e0 17h00.<\/p>\n<p><b>Le Domaine est ferm\u00e9 le lundi, Y COMPRIS les LUNDIS F\u00c9RI\u00c9S<\/b><\/p>\n<p>Temps moyen de visite libre : 1 heure.<\/p>\n<\/div><\/div><\/div><div style=\"--awb-backgroundcolor:var(--awb-color2);\" class=\"fusion-column content-box-column content-box-column content-box-column-4 col-lg-12 col-md-12 col-sm-12 fusion-content-box-hover content-box-column-last content-box-column-last-in-row\"><div class=\"col content-box-wrapper content-wrapper-background link-area-link-icon content-icon-wrapper-yes icon-hover-animation-fade\" data-animationOffset=\"top-into-view\"><div class=\"heading heading-with-icon icon-left\"><div class=\"icon\"><span style=\"height:50px;width:50px;line-height:26px;border-color:rgba(255,255,255,0);border-width:1px;border-style:solid;background-color:var(--awb-custom_color_1);box-sizing:content-box;border-radius:50%;\"><i style=\"border-color:var(--awb-custom_color_1);border-width:1px;background-color:var(--awb-custom_color_1);box-sizing:content-box;height:48px;width:48px;line-height:48px;border-radius:50%;position:relative;top:auto;left:auto;margin:0;border-radius:50%;font-size:24px;\" aria-hidden=\"true\" class=\"fontawesome-icon fa-arrow-right fas circle-yes\"><\/i><\/span><\/div><h3 class=\"content-box-heading\" style=\"--h3_typography-font-size:24px;line-height:29px;\">Du 2 NOVEMBRE AU 28 F\u00c9VRIER INCLUS (BASSE SAISON)<\/h3><\/div><div class=\"fusion-clearfix\"><\/div><div class=\"content-container\">\n<p><strong>Ouvert le SAMEDI et le DIMANCHE UNIQUEMENT<\/strong> de 13h00 \u00e0 17h00.<br \/>\nDerni\u00e8re admission \u00e0 16h00.<\/p>\n<p><strong>FERMETURE ANNUELLE : <\/strong>vacances scolaires de f\u00eates de fin d\u2019ann\u00e9e.<\/p>\n<p><strong>ATTENTION, selon les conditions m\u00e9t\u00e9orologiques (vents violents, neige, verglas\u2026), il se peut que le ch\u00e2teau et son parc soient ferm\u00e9s pour des raisons de s\u00e9curit\u00e9<\/strong>.<\/p>\n<\/div><\/div><\/div><div class=\"fusion-clearfix\"><\/div><\/div><\/div><\/div><\/div><\/div><div class=\"fusion-fullwidth fullwidth-box fusion-builder-row-3 fusion-flex-container has-pattern-background has-mask-background nonhundred-percent-fullwidth non-hundred-percent-height-scrolling\" style=\"--awb-border-radius-top-left:0px;--awb-border-radius-top-right:0px;--awb-border-radius-bottom-right:0px;--awb-border-radius-bottom-left:0px;--awb-flex-wrap:wrap;\" ><div class=\"fusion-builder-row fusion-row fusion-flex-align-items-flex-start fusion-flex-content-wrap\" style=\"max-width:1248px;margin-left: calc(-4% \/ 2 );margin-right: calc(-4% \/ 2 );\"><div class=\"fusion-layout-column fusion_builder_column fusion-builder-column-2 fusion_builder_column_1_1 1_1 fusion-flex-column\" style=\"--awb-bg-size:cover;--awb-width-large:100%;--awb-margin-top-large:0px;--awb-spacing-right-large:1.92%;--awb-margin-bottom-large:20px;--awb-spacing-left-large:1.92%;--awb-width-medium:100%;--awb-order-medium:0;--awb-spacing-right-medium:1.92%;--awb-spacing-left-medium:1.92%;--awb-width-small:100%;--awb-order-small:0;--awb-spacing-right-small:1.92%;--awb-spacing-left-small:1.92%;\"><div class=\"fusion-column-wrapper fusion-column-has-shadow fusion-flex-justify-content-flex-start fusion-content-layout-column\"><div class=\"fusion-title title fusion-title-3 fusion-sep-none fusion-title-text fusion-title-size-three\" style=\"--awb-margin-top:1em;--awb-margin-bottom:1em;--awb-margin-top-small:10px;--awb-margin-right-small:0px;--awb-margin-bottom-small:10px;--awb-margin-left-small:0px;\"><h3 class=\"fusion-title-heading title-heading-left\" style=\"margin:0;\">Horaires Visites guid\u00e9es pour les individuels<\/h3><\/div><div class=\"fusion-text fusion-text-1\"><p>Voir rubrique : Visites guid\u00e9es et Visites th\u00e9\u00e2tralis\u00e9es<\/p>\n<\/div><\/div><\/div><div class=\"fusion-layout-column fusion_builder_column fusion-builder-column-3 fusion_builder_column_1_1 1_1 fusion-flex-column\" style=\"--awb-column-gap:10px;--awb-row-gap:10px;--awb-bg-size:cover;--awb-width-large:100%;--awb-margin-top-large:0px;--awb-spacing-right-large:1.92%;--awb-margin-bottom-large:20px;--awb-spacing-left-large:1.92%;--awb-width-medium:100%;--awb-order-medium:0;--awb-spacing-right-medium:1.92%;--awb-spacing-left-medium:1.92%;--awb-width-small:100%;--awb-order-small:0;--awb-spacing-right-small:1.92%;--awb-spacing-left-small:1.92%;\" data-scroll-devices=\"small-visibility,medium-visibility,large-visibility\"><div class=\"fusion-column-wrapper fusion-column-has-shadow fusion-flex-justify-content-flex-start fusion-content-layout-row\"><div ><a class=\"fusion-button button-flat fusion-button-default-size button-default fusion-button-default button-1 fusion-button-default-span fusion-button-default-type\" target=\"_self\" data-hover=\"text_slide_up\" href=\"https:\/\/le-port-marly.net\/main\/visite\/#guide\"><div class=\"awb-button-text-transition  awb-button__hover-content--centered\"><span class=\"fusion-button-text awb-button__text awb-button__text--default\">Visites guid\u00e9es<\/span><span class=\"fusion-button-text awb-button__text awb-button__text--default\">Visites guid\u00e9es<\/span><\/div><\/a><\/div><div ><a class=\"fusion-button button-flat fusion-button-default-size button-default fusion-button-default button-2 fusion-button-default-span fusion-button-default-type\" target=\"_self\" data-hover=\"text_slide_up\" href=\"https:\/\/le-port-marly.net\/main\/visite\/#theatre\"><div class=\"awb-button-text-transition  awb-button__hover-content--centered\"><span class=\"fusion-button-text awb-button__text awb-button__text--default\">Visites th\u00e9\u00e2tralis\u00e9es<\/span><span class=\"fusion-button-text awb-button__text awb-button__text--default\">Visites th\u00e9\u00e2tralis\u00e9es<\/span><\/div><\/a><\/div><\/div><\/div><\/div><\/div><div class=\"fusion-fullwidth fullwidth-box fusion-builder-row-4 fusion-flex-container has-pattern-background has-mask-background nonhundred-percent-fullwidth non-hundred-percent-height-scrolling\" style=\"--awb-border-radius-top-left:0px;--awb-border-radius-top-right:0px;--awb-border-radius-bottom-right:0px;--awb-border-radius-bottom-left:0px;--awb-margin-top:40px;--awb-flex-wrap:wrap;\" ><div class=\"fusion-builder-row fusion-row fusion-flex-align-items-flex-start fusion-flex-content-wrap\" style=\"max-width:1248px;margin-left: calc(-4% \/ 2 );margin-right: calc(-4% \/ 2 );\"><div class=\"fusion-layout-column fusion_builder_column fusion-builder-column-4 fusion_builder_column_1_1 1_1 fusion-flex-column\" style=\"--awb-bg-size:cover;--awb-width-large:100%;--awb-margin-top-large:0px;--awb-spacing-right-large:1.92%;--awb-margin-bottom-large:20px;--awb-spacing-left-large:1.92%;--awb-width-medium:100%;--awb-order-medium:0;--awb-spacing-right-medium:1.92%;--awb-spacing-left-medium:1.92%;--awb-width-small:100%;--awb-order-small:0;--awb-spacing-right-small:1.92%;--awb-spacing-left-small:1.92%;\"><div class=\"fusion-column-wrapper fusion-column-has-shadow fusion-flex-justify-content-flex-start fusion-content-layout-column\"><div ><a class=\"fusion-button button-flat fusion-button-default-size button-default fusion-button-default button-3 fusion-button-default-span fusion-button-default-type\" target=\"_self\" data-hover=\"icon_rotate\" href=\"https:\/\/le-port-marly.net\/main\/tarifs\/\"><i class=\"fa-angle-double-right fas awb-button__icon awb-button__icon--default button-icon-left\" aria-hidden=\"true\"><\/i><span class=\"fusion-button-text awb-button__text awb-button__text--default\">Tarifs<\/span><\/a><\/div><\/div><\/div><\/div><\/div><\/p>\n","protected":false},"excerpt":{"rendered":"","protected":false},"author":1,"featured_media":0,"parent":0,"menu_order":0,"comment_status":"closed","ping_status":"closed","template":"100-width.php","meta":{"footnotes":""},"class_list":["post-1273","page","type-page","status-publish","hentry"],"_links":{"self":[{"href":"https:\/\/le-port-marly.net\/main\/wp-json\/wp\/v2\/pages\/1273","targetHints":{"allow":["GET"]}}],"collection":[{"href":"https:\/\/le-port-marly.net\/main\/wp-json\/wp\/v2\/pages"}],"about":[{"href":"https:\/\/le-port-marly.net\/main\/wp-json\/wp\/v2\/types\/page"}],"author":[{"embeddable":true,"href":"https:\/\/le-port-marly.net\/main\/wp-json\/wp\/v2\/users\/1"}],"replies":[{"embeddable":true,"href":"https:\/\/le-port-marly.net\/main\/wp-json\/wp\/v2\/comments?post=1273"}],"version-history":[{"count":27,"href":"https:\/\/le-port-marly.net\/main\/wp-json\/wp\/v2\/pages\/1273\/revisions"}],"predecessor-version":[{"id":1738,"href":"https:\/\/le-port-marly.net\/main\/wp-json\/wp\/v2\/pages\/1273\/revisions\/1738"}],"wp:attachment":[{"href":"https:\/\/le-port-marly.net\/main\/wp-json\/wp\/v2\/media?parent=1273"}],"curies":[{"name":"wp","href":"https:\/\/api.w.org\/{rel}","templated":true}]}}